{"id":3483,"date":"2024-10-18T19:53:33","date_gmt":"2024-10-18T17:53:33","guid":{"rendered":"https:\/\/gerryfrank.gfrank2.vss.kapper.net\/?page_id=3483"},"modified":"2024-10-18T20:29:34","modified_gmt":"2024-10-18T18:29:34","slug":"impressum","status":"publish","type":"page","link":"https:\/\/gerryfrank.gfrank2.vss.kapper.net\/?page_id=3483","title":{"rendered":"Impressum"},"content":{"rendered":"\n<p>Informationspflicht gem\u00e4\u00df Mediengesetz und E-Commerce Gesetz:<br>Medieninhaber, Herausgeber, Eigent\u00fcmer:<\/p>\n\n\n\n<p>Gerry Frank<br>Firmensitz\/Adresse:<br>Pierrongasse 4\/1<br>1140&nbsp;Wien, Austria<br>+43 699 134 22222<br><a href=\"mailto:office@gerryfrank.com\">office@gerryfrank.com<\/a>, www.gerryfrank.com<\/p>\n\n\n\n<p>F\u00fcr den Inhalt verantwortlich:<br>Gerry Frank<br>UID: ATU60401808<\/p>\n","protected":false},"excerpt":{"rendered":"<p>Informationspflicht gem\u00e4\u00df Mediengesetz und E-Commerce Gesetz:Medieninhaber, Herausgeber, Eigent\u00fcmer: Gerry FrankFirmensitz\/Adresse:Pierrongasse 4\/11140&nbsp;Wien, Austria+43 699 134 22222office@gerryfrank.com, www.gerryfrank.com F\u00fcr den Inhalt verantwortlich:Gerry FrankUID: ATU60401808<\/p>\n","protected":false},"author":3,"featured_media":0,"parent":0,"menu_order":0,"comment_status":"closed","ping_status":"closed","template":"","meta":{"_acf_changed":false,"footnotes":""},"class_list":["post-3483","page","type-page","status-publish","hentry"],"acf":[],"_links":{"self":[{"href":"https:\/\/gerryfrank.gfrank2.vss.kapper.net\/index.php?rest_route=\/wp\/v2\/pages\/3483","targetHints":{"allow":["GET"]}}],"collection":[{"href":"https:\/\/gerryfrank.gfrank2.vss.kapper.net\/index.php?rest_route=\/wp\/v2\/pages"}],"about":[{"href":"https:\/\/gerryfrank.gfrank2.vss.kapper.net\/index.php?rest_route=\/wp\/v2\/types\/page"}],"author":[{"embeddable":true,"href":"https:\/\/gerryfrank.gfrank2.vss.kapper.net\/index.php?rest_route=\/wp\/v2\/users\/3"}],"replies":[{"embeddable":true,"href":"https:\/\/gerryfrank.gfrank2.vss.kapper.net\/index.php?rest_route=%2Fwp%2Fv2%2Fcomments&post=3483"}],"version-history":[{"count":2,"href":"https:\/\/gerryfrank.gfrank2.vss.kapper.net\/index.php?rest_route=\/wp\/v2\/pages\/3483\/revisions"}],"predecessor-version":[{"id":3494,"href":"https:\/\/gerryfrank.gfrank2.vss.kapper.net\/index.php?rest_route=\/wp\/v2\/pages\/3483\/revisions\/3494"}],"wp:attachment":[{"href":"https:\/\/gerryfrank.gfrank2.vss.kapper.net\/index.php?rest_route=%2Fwp%2Fv2%2Fmedia&parent=3483"}],"curies":[{"name":"wp","href":"https:\/\/api.w.org\/{rel}","templated":true}]}}